 is divided by 1.
0
Let z be (2 + 19)*(-15)/15. Let g be (264/(-56) + 2 + 1)*z. Suppose g = 5*q + q. Calculate the remainder when 11 is divided by q.
5
Suppose 3*d - 248 = -d. Let b be 2/(-19) + 1068/38. Calculate the remainder when d is divided by b/(-35) + (-328)/(-10).
30
Calculate the remainder when 341 is divided by (72/468)/(2/1066).
13
Let a = -1 - -18. Let x = 4426 - 4326. Calculate the remainder when x is divided by a.
15
Suppose -4*v = -g + 60, 47 = 2*g - 2*v - 103. What is the remainder when 2479 is divided by g?
79
Suppose 0*h + h - 308 = -5*t, 4*h - 1136 = 4*t. Let g = -72 + h. Suppose -10*i + 6*i + g = 0. What is the remainder when i is divided by 19?
16
Let l(r) = -r**3 + 8*r**2 - r - 2. Let t be l(6). Let q = -488 - -432. Let m = t + q. What is the remainder when m is divided by 7?
1
Let z(s) = 10*s - 30*s - 24*s - 210 + 10*s - 13*s. What is the remainder when z(-7) is divided by 40?
39
Let w = -15 - -4. Calculate the remainder when 6/33 - 339/w is divided by ((-3 + 99)/6)/(0 - -1).
15
Let f(a) = -87*a - 1376. What is the remainder when 368 is divided by f(-16)?
0
Suppose -2*b = u - 52 + 45, -2*b = -5*u - 49. What is the remainder when 730 is divided by b?
2
Suppose -5*b + 165 = -195. Suppose 0 = 5*c - b + 47. Let m(s) = -s**2 + 7*s + 23. What is the remainder when 129 is divided by m(c)?
30
Suppose -12*n + 463 = -4049. Suppose -61*q = -57*q - n. Calculate the remainder when 468 is divided by q.
92
Suppose 3*u = 3*a - 264, 263 = a + 2*a - 4*u. What is the remainder when a is divided by (8/(-6))/(-1 + (-2661)/(-297) - 8)?
23
Let b(q) be the third derivative of q**4/6 + 3*q**3/2 - q**2. Let z be b(0). Suppose z*i - 40 = 86. Calculate the remainder when 53 is divided by i.
11
Calculate the remainder when 415 is divided by ((-59650)/300)/(-1) + 1/6.
17
Suppose 8*m + m = 18. Let z(o) = 17*o - 4. Suppose -15 = -5*l, 0*l - 4*l = t - 21. Calculate the remainder when z(m) is divided by t.
3
Suppose 0 = -4*z + 4*h + 622 + 322, z - 224 = -5*h. Let p = -221 + z. Let u = 112 + 28. Calculate the remainder when u is divided by p.
10
Let k = -34 + 32. Let r be -2*k/6*3. Let i(s) = s**3 - s**2 + 2*s - 3. What is the remainder when 12 is divided by i(r)?
2
Let p be (153/(-102))/(1/(-168)). Suppose 4*t = 5*t - p. What is the remainder when t is divided by 17?
14
Suppose -80*t = -598 - 1082. What is the remainder when 264 is divided by t?
12
Let l(u) = -u**3 + 6*u**2 - 6*u + 8. Let z be l(6). Let o = z - -52. What is the remainder when (-367)/(-4) - (1 + 6)/(-28) is divided by o?
20
Suppose 5*u + 69 + 51 = 5*a, 4*a - 89 = -3*u. What is the remainder when 38 is divided by a?
15
Let k = 9962 + -6094. Calculate the remainder when k is divided by 10.
8
Let k = 183454 - 183258. Let t = 31 + -21. What is the remainder when k is divided by t?
6
Let q = -5534 - -5549. What is the remainder when 1225 is divided by q?
10
Suppose 11*i - 232 = -1079. Let b = i + 75. What is the remainder when (-4)/(-8)*-5*44/b is divided by 14?
13
Let y(m) = 38*m - 1059. Let l(n) = -n**2 - 15*n - 16. Calculate the remainder when y(33) is divided by l(-11).
27
Suppose -2*c + 19*u = 14*u - 99, 2*c + 2*u = 78. Calculate the remainder when 726 is divided by c.
12
Let y = 65 - 46. What is the remainder when (128 + 2)/((-56)/7 - -9) is divided by y?
16
Suppose 5*g - 385 = -5*o, -4*g = -2*g - o - 169. Suppose i - 31 = -5*q, 4*i + 4*q = 164 - 88. What is the remainder when g is divided by i*((-3)/4 - (-24)/16)?
10
Let l(j) = j**3 - 9*j**2 - j + 16. What is the remainder when 4027 is divided by l(10)?
105
Let q = -3204 + 3248. What is the remainder when 167 is divided by q?
35
Let n(f) = -22*f - 107. Let g be n(-5). Suppose 3*t - 16*d = -12*d + 15, g*d = t. What is the remainder when 62 is divided by t?
8
Let a(m) = -m**3 - 4*m**2 + 12*m + 4. Let z be a(-6). Let s(b) = z + 80*b - 12 - 3*b**2 + 2*b**2 - 87*b. Calculate the remainder when 17 is divided by s(-5).
1
Suppose 0 = -3*p - 277 + 340. What is the remainder when 373 is divided by p?
16
What is the remainder when 903 is divided by 1/2 + 30/(-4) - (-11 - 44)?
39
Let t(q) = 2*q**2 - 5*q + 6. Let i be t(4). Let a(h) be the first derivative of -h**2/2 + 35*h + 8. Calculate the remainder when 50 is divided by a(i).
16
Let r(o) = 29*o**2 - 127*o - 24. Calculate the remainder when r(6) is divided by 10.
8
Suppose -5*u + 0*o + 332 = o, -3*u + 192 = 3*o. Let t = 71 - u. Suppose t*m - 2 = 42. What is the remainder when m is divided by 7?
4
Let s(g) = g**3 + 2*g**2 - 26*g + 297. What is the remainder when s(12) is divided by 154?
153
Let n(a) = a**3 - 12*a**2 - 15*a + 22. Let l be n(13). Let j(w) = -w**3 + w**2 - w - 9. What is the remainder when 282 is divided by j(l)?
57
Suppose -5*p + 95 = -0*p - 5*x, -3*p + 4*x + 57 = 0. Let k(l) = 22*l**2 + 21*l + 85. What is the remainder when k(-3) is divided by p?
11
Suppose -35*t + 549 - 13309 = -93*t. Calculate the remainder when 1630 is divided by t.
90
Let a = -5739 + 6949. Calculate the remainder when a is divided by 309.
283
Suppose 0 = v + 5, 0 = -2*x + 30*v - 32*v + 136. What is the remainder when 505 is divided by x?
67
Suppose 64 = 3*f - 44. Let w(q) = 18*q + 110. Let a be w(-6). Suppose 5*r = y + 64, 2*y = a*r - y - f. What is the remainder when r is divided by 7?
5
Let d(t) = 2*t**3 + 15*t**2 + 2*t - 9. Let l(k) = 4*k**2 - 2*k**3 - 7 + 540*k - 535*k + k**3. Let h be l(5). What is the remainder when d(h) is divided by 6?
2
Let s(i) = 53*i + 2876. What is the remainder when 69 is divided by s(-53)?
2
Let z(n) = -8. Let y(l) = -4*l - 87. Let c(m) = y(m) - 6*z(m). Let h = -89 - -62. What is the remainder when c(h) is divided by 37?
32
Let q be ((-18)/6)/((-9)/132). Let g = q - 43. Calculate the remainder when 17 is divided by 4 + 3 + (-4*g - -2).
2
Suppose 5*k + 1164 = 3*v, 5*k + 1542 = 20*v - 16*v. Calculate the remainder when v is divided by 165.
48
Suppose 3*d + 20 = -1. Let b = -3770 - -3784. Calculate the remainder when b is divided by (-54)/d + 4/14.
6
Suppose -199*h + 196*h - 36 = 0. Calculate the remainder when (-3 - (-10)/6)/(h/630) is divided by 1*-9*2/(-1).
16
Let w(j) = j**3 - 30*j**2 + 54*j - 683. What is the remainder when ((-5)/10)/(2/(-316)) is divided by w(29)?
37
Suppose x - 24 = -5*r, 5*r - 9 - 19 = 3*x. Suppose 2 = -l - 4*d, -3*d - 2*d = r*l + 55. What is the remainder when (-1 - 5)/(4/l) is divided by 6?
3
Let k = 402 - 418. What is the remainder when 52 is divided by 5/((4/k)/(-1))?
12
Let w = -461 - -389. Suppose 4*n = 50 + 18. What is the remainder when n is divided by (-12)/(-4) + w/(-12)?
8
Let t(c) = -66*c**2 - c + 3. Let s be t(1). Let q = 88 + s. What is the remainder when 95 is divided by q?
23
Let n = 9489 - 9477. Let h(t) = -t**3 - 2*t**2 + 3*t. Calculate the remainder when h(-4) is divided by n.
8
Let x be 6*(16/6 + -2). Suppose -2*g + 4*g - 8 = 0, -x*m = 5*g - 348. Suppose 238*s - 12784 + 9452 = 0. Calculate the remainder when m is divided by s.
12
Suppose 95*f - 21971 = -71*f - 7*f. What is the remainder when 18033 is divided by f?
126
Suppose 16 = -0*t + 4*t. Suppose -6 = t*v - 3*i - 40, -5*i = -3*v + 31. Calculate the remainder when (12*(-4)/(-8))/((-6)/(-8)) is divided by v.
1
Let q be 1/((-1)/(-11)) + (1 - 4). Suppose 16 = 2*f - 4*i, 0*f + f + i = q. Calculate the remainder when f is divided by 3.
2
Calculate the remainder when 287 is divided by (-22 - 6)/(-2) - (-18)/3.
7
Suppose -2*l = -6, -16*v + 14*v - 4*l = -676. What is the remainder when v is divided by 44?
24
Let t = -283 - -179. Let m = -92 - t. Calculate the remainder when 287 is divided by m.
11
Let w = 3929 + -3909. What is the remainder when 1514 is divided by w?
14
Let f(y) be the third derivative of -y**4/24 + 19*y**3/3 - 24*y**2. Suppose -27*w - 1017 = -36*w. What is the remainder when w is divided by f(9)?
26
Let t = -16450 + 16544. Calculate the remainder when t is divided by (-18 - 1)/(1*-1).
18
Suppose 14*s - s - 26 = 0. Suppose 0 = 2*l + s*l - 4, x = -4*l + 15. What is the remainder when 38/(-4)*1*-2 is divided by x?
8
Let t = 13 - 7. Let a = -168 + 164. What is the remainder when (88/10)/(72/(-20) - a) is divided by t?
4
Let w(k) = -k**3 + 29*k**2 + 67*k - 28. Let l = 290 - 259. What is the remainder when w(l) is divided by 33?
28
Let b(p) = -5*p + 47. Let m be b(9). Suppose -